9 - -13117. What is the greatest common factor of u and 639?
9
Let x(j) = -j**3 + 3*j**2 - j + 7. Let l be x(0). Let y(v) = -3*v + 66. Let b be y(l). What is the highest common divisor of 180 and b?
45
Suppose 3*o - 3*q + 17 = o, -3*o + 4*q - 25 = 0. Let t = 109 + o. Let k be (t/12)/(1/20). Calculate the greatest common divisor of k and 17.
17
Let y = -12365 - -24835. What is the greatest common divisor of y and 30?
10
Let c = -62 + 126. Let p = 25 + -55. Let l = p + c. What is the highest common factor of 17 and l?
17
Let x be ((-15)/(-30))/(1/46). Let l = -3 + x. Suppose -3*i + 3*t + 183 = 54, 2*i - 4*t - 92 = 0. What is the highest common factor of l and i?
20
Suppose -4 = -207*w + 205*w, 0 = -4*i - 5*w + 346. Suppose 2*d - 548 - 628 = 0. Calculate the greatest common factor of d and i.
84
Suppose 0 = -u + 4, 4*u + 94 + 157 = -3*d. Let p = d + 89. Suppose p = -33*j + 34*j - 9. Calculate the greatest common factor of j and 9.
9
Let y(n) = n**2 - 189*n + 2105. Let j be y(11). Calculate the greatest common divisor of 3 and j.
3
Let t be 339/(110/(-44) + (-1)/(-1)). Let m = 242 + t. What is the highest common divisor of 1 and m?
1
Suppose 13974 = 3*s - 2*w, 151*s - 9338 = 149*s + 5*w. Calculate the highest common factor of s and 26.
26
Let i = -55 + 53. Let c be (-1)/(i/4)*38/(-4). Let z(b) = -b**3 - 20*b**2 - 19*b + 12. Let j be z(c). Calculate the highest common divisor of 24 and j.
12
Suppose 4*t + 4 = -4*b + 20, -3*b + 3*t = -24. Let k = -138 - -143. Suppose 3*p = 0, 4*i - 120 = -p + k*p. What is the highest common divisor of b and i?
6
Let k = 1618 - 1588. Calculate the greatest common divisor of 186 and k.
6
Let v = -6 + 20. Suppose p = v + 6. Let q = 42 - p. Calculate the greatest common factor of 11 and q.
11
Let u = -2731 + 2753. Calculate the greatest common factor of u and 1078.
22
Suppose 394 = -2*j - j + 4*h, -5*j - 654 = -4*h. Let a = j + 562. Let s be (8/6)/(-3 - (-1302)/a). What is the greatest common divisor of s and 12?
12
Let g(u) = -4*u**3 + 36*u**2 - 11*u + 27. Let p be g(8). Suppose -4*f = 4*w - 148, -f + 3*w + 14 + 31 = 0. Calculate the greatest common factor of p and f.
39
Let u be -10 + 6 + (10 - (-1 - 0)). Let m be (u + 5 + -4)*(11 - 1). Calculate the highest common factor of 4 and m.
4
Let c = -217 - 33. Let d = c - -300. What is the greatest common divisor of d and 550?
50
Suppose -4 = -2*t - 0. Suppose 33 = t*z + 9. Suppose -78 - 210 = -24*n. What is the highest common factor of n and z?
12
Suppose 11346 = 2*o + 4*h, -116*o + 121*o - 28379 = 4*h. Calculate the greatest common divisor of 25 and o.
25
Suppose 0 = -h + 44 - 41. Suppose -h*a - 9 = -6*a. Calculate the greatest common divisor of a and 3.
3
Let r be -2 - (-2 + 56/(-7)). Calculate the greatest common divisor of 4904 and r.
8
Let m(q) = 268*q**2 + 1. Let h be m(-1). Suppose 0 = -9*i + h - 89. Let j be i/(((-10)/(-2))/5). What is the greatest common divisor of j and 10?
10
Let t(g) = 9*g**2 + 10*g + 6. Let z be t(4). Calculate the greatest common factor of 35 and z.
5
Let a(q) = -q**3 - 6*q**2 - 12*q - 12. Let w be a(-4). Suppose n - w*n = -6*n. Suppose -15*u + 1596 - 246 = n. What is the highest common divisor of 10 and u?
10
Let f(c) = 941*c**3 + 4*c**2 + 2*c - 5. Let w be f(1). Suppose -o = -5*z - 478, 4*z + w = 2*o + 8*z. What is the highest common divisor of 86 and o?
43
Suppose 36*w + 396 = 38*w. Let m = 957 - w. Calculate the highest common factor of 33 and m.
33
Let u = 43843 - 41230. Calculate the highest common factor of u and 312.
39
Let s = 4617 + -4545. Calculate the highest common factor of s and 9.
9
Let l(z) = 6*z + 4. Let w be l(6). Suppose -323974 = 27*r - 324622. Calculate the highest common divisor of w and r.
8
Let p = 13322 + -12476. What is the highest common divisor of p and 45?
9
Suppose -5*v = -20, -z + 14*v - 11*v + 324 = 0. Suppose 11*h - z = -10*h. What is the highest common divisor of 48 and h?
16
Let g = -6331 + 6366. Calculate the greatest common factor of g and 70.
35
Suppose 157 = 3*g - 3*f - 338, -4*g + 646 = -2*f. Calculate the highest common factor of g and 3.
1
Let z = 7429 + -4724. What is the highest common divisor of 5 and z?
5
Let l(o) = -o**3 + 4*o**2 + 8*o + 3. Let n be l(-5). Let i = 195 - n. Calculate the highest common divisor of 63 and i.
7
Let w = -768 - -480. Let m = -108 - w. Calculate the highest common factor of 36 and m.
36
Let n(t) = 4*t**3 - 75*t**2 + 18*t + 60. Let j be n(19). What is the highest common divisor of 872 and j?
109
Let p = 317 + 13. Let w be (p/12)/((-4)/(-8)). What is the highest common factor of 165 and w?
55
Let m(k) = k**2 - 13*k - 159. Let b be m(41). Suppose -34*g = 9*g - b. Calculate the greatest common factor of 897 and g.
23
Let t(h) = 2*h**3 - 3*h**2 - 2*h + 376. Let p be t(0). Let g = p - 324. Suppose -4*b + 130 = -3*b. What is the greatest common factor of b and g?
26
Let x = 1381 + -481. Suppose -26*k = -k - x. What is the greatest common divisor of 18 and k?
18
Let p = 236 - 214. Suppose p*k - 8 = 20*k. Let g = 14 - 10. What is the highest common divisor of g and k?
4
Let j(p) = 4*p**2 - 79*p + 366. Let k be j(6). Calculate the highest common factor of k and 732.
12
Suppose 9*u - 5*u = 3*p - 50, 53 = 3*p - u. Suppose -23*o + p*o = -2805. What is the greatest common divisor of o and 33?
33
Let r(d) = -6*d**3 + 42*d**2 - 7*d + 5. Let g be r(5). Calculate the highest common divisor of g and 390.
30
Let m be 2*(-3)/6*-2. Let k(d) = 11 - 29 + 22 + 64*d. Let r be k(m). Calculate the greatest common factor of 12 and r.
12
Let t = -269 - -265. Let x(i) = -i**3 - 2*i**2 + i + 9. Let m be x(t). Calculate the greatest common divisor of 37 and m.
37
Let j(o) = o**3 - 17*o**2 + 21*o + 39. Let k(m) = -m**3 - 6*m**2 + 17*m + 24. Let i be k(-8). Let l be j(i). Calculate the highest common divisor of l and 17.
17
Suppose 0 = 4*t - 24 - 156. Suppose -4*z = t - 145. Let i = 32 - 22. What is the highest common divisor of i and z?
5
Let x = 1523 - 841. Suppose -x = -14*g + 2356. Calculate the greatest common divisor of g and 31.
31
Let q = -18 - -33. Suppose 0 = -3*c - q, 2*p - 6*p - 4*c - 16 = 0. Let a be 8*(2 + -1) - p. Calculate the highest common factor of a and 28.
7
Let y = 111 + -71. Suppose 1163*w - 264440 = 562*w. What is the greatest common factor of y and w?
40
Let y(k) = 6*k**3 + 6*k**2 + 2*k - 1. Let z be y(-3). Let c be (z/6)/(27/(-162)). What is the highest common divisor of 46 and c?
23
Suppose 2*w - o - 12450 = 16956, 5*o - 10 = 0. Calculate the highest common factor of 16 and w.
16
Suppose -3415 = -9*j - 508. Let h be 3*j*(-20)/(-30). What is the highest common divisor of h and 38?
38
Let m = 6022 - 5670. Calculate the greatest common divisor of m and 154.
22
Suppose 3*q - 5*q + 3 = 3*a, -5*a = 5*q. Suppose -c + 89 = -9*c + 41. Let h be 7*(-39)/(((-189)/c)/q). What is the greatest common divisor of 104 and h?
26
Let h be 3024/(-16)*(-540)/42. What is the highest common factor of h and 81?
81
Let h = -1542 + 1686. What is the greatest common factor of h and 1908?
36
Let v = 30857 + -7712. What is the greatest common divisor of 15 and v?
15
Suppose 20*z = 283 - 3. Let y(a) = -12*a**3 - a**2 - a. Let n be y(-1). Let b be n/(-3 + (-135)/(-42)). Calculate the highest common factor of b and z.
14
Let s be ((-182487)/7)/(-3) + (-5)/210*-6. What is the highest common factor of s and 220?
110
Let f be (-366)/61 + -1 + 11127. What is the greatest common factor of 40 and f?
40
Let u = 280 + -271. Suppose -13*p = -u*p - 120. What is the greatest common divisor of p and 60?
30
Suppose -3 - 9 = 3*h. Let j be ((-18)/h + -4)*32. Suppose 0 = -5*p + 20, -3*s + 5*p - 1 - j = 0. Calculate the highest common divisor of s and 17.
1
Suppose 4*g = 2*q - 560 + 38, 0 = 4*q - 5*g - 1032. What is the highest common factor of 207 and q?
23
Let g = 129 + -87. Let p = g - 8. Let d = -46661 + 46712. What is the greatest common factor of d and p?
17
Let u(k) = 39*k + 81. Let n be u(-9). Let t = -200 - n. Calculate the greatest common divisor of t and 315.
35
Let j be 3/(-6) - (-102)/4. Suppose -4*v + b + 147 = 0, -2*v + 15*b - 20*b + 57 = 0. Suppose -v = -j*c + 21*c. Calculate the highest common divisor of 9 and c.
9
Suppose -17*o = -13*o - 20. Let n be ((-376)/2)/(-4) + o. Calculate the greatest common fa